ime factors of 54709183.
54709183
List the prime factors of 369594227.
5413, 68279
What are the prime factors of 97519506?
2, 3, 7, 409, 811
List the prime factors of 56154480.
2, 3, 5, 83, 2819
List the prime factors of 138838761.
3, 15426529
List the prime factors of 253735010.
2, 5, 25373501
List the prime factors of 30737759.
13, 193, 12251
List the prime factors of 14603690.
2, 5, 1460369
List the prime factors of 2218615907.
3121, 710867
What are the prime factors of 1916122241?
11, 17, 19, 4457
List the prime factors of 3397774154.
2, 29, 71, 83, 9941
List the prime factors of 106050072.
2, 3, 181, 24413
List the prime factors of 37273666.
2, 18636833
What are the prime factors of 319476444?
2, 3, 7, 17, 409, 547
List the prime factors of 37973447.
397, 95651
What are the prime factors of 4935904606?
2, 67, 36835109
What are the prime factors of 748032189?
3, 249344063
What are the prime factors of 2586946972?
2, 29, 317, 70351
List the prime factors of 2311819152.
2, 3, 48162899
List the prime factors of 463894371.
3, 47, 121853
What are the prime factors of 250700982?
2, 3, 7, 709, 8419
List the prime factors of 3274426570.
2, 5, 327442657
What are the prime factors of 5540412064?
2, 11, 17, 107, 509
List the prime factors of 1034482504.
2, 11, 17, 691499
List the prime factors of 2537620531.
283, 349, 25693
List the prime factors of 105660978.
2, 3, 29, 89, 6823
What are the prime factors of 481103928?
2, 3, 2227333
What are the prime factors of 97216574?
2, 7, 13, 17, 2417
What are the prime factors of 981455581?
41, 73, 327917
What are the prime factors of 2993863154?
2, 313, 4782529
What are the prime factors of 159479397?
3, 7, 11, 17, 13537
List the prime factors of 237174054.
2, 3, 13, 3040693
What are the prime factors of 264354538?
2, 7, 271, 69677
What are the prime factors of 1305699335?
5, 29, 173, 52051
What are the prime factors of 2312553871?
107, 2879, 7507
List the prime factors of 103711379.
103711379
List the prime factors of 2279609493.
3, 7, 19, 103, 55469
What are the prime factors of 63130383?
3, 643, 10909
What are the prime factors of 66364466?
2, 7, 4740319
List the prime factors of 590826351.
3, 53, 3715889
What are the prime factors of 11128144?
2, 695509
What are the prime factors of 246535141?
246535141
List the prime factors of 101297828.
2, 25324457
What are the prime factors of 371342720?
2, 5, 7, 82889
List the prime factors of 103433895.
3, 5, 766177
What are the prime factors of 123265979?
29, 89, 163, 293
What are the prime factors of 4444771434?
2, 3, 740795239
What are the prime factors of 1855903646?
2, 37, 59, 103, 4127
List the prime factors of 86350678.
2, 73, 591443
List the prime factors of 206436108.
2, 3, 17203009
What are the prime factors of 2986830854?
2, 7, 10343, 20627
What are the prime factors of 24425510?
2, 5, 907, 2693
What are the prime factors of 7555254?
2, 3, 7, 29, 6203
List the prime factors of 17962281.
3, 29, 68821
List the prime factors of 160572888.
2, 3, 7, 17, 6247
List the prime factors of 11892143.
11892143
List the prime factors of 341889595.
5, 23, 97, 30649
What are the prime factors of 62693184?
2, 3, 347, 941
What are the prime factors of 6291943?
7, 73, 1759
What are the prime factors of 299304418?
2, 7, 29, 737203
What are the prime factors of 131303057?
4703, 27919
What are the prime factors of 68680820?
2, 5, 13, 19, 13903
What are the prime factors of 203767316?
2, 3931, 12959
What are the prime factors of 2835615353?
31, 91471463
What are the prime factors of 19899140?
2, 5, 23, 181, 239
What are the prime factors of 67299111?
3, 11, 29, 2131
List the prime factors of 4991034989.
757, 6593177
What are the prime factors of 32402459?
17, 1069, 1783
What are the prime factors of 13594245?
3, 5, 7, 129469
List the prime factors of 37100738.
2, 31, 598399
List the prime factors of 1941663580.
2, 5, 19, 79, 64679
List the prime factors of 13678941.
3, 4559647
List the prime factors of 447189163.
641, 697643
What are the prime factors of 28073702?
2, 167, 84053
List the prime factors of 401152582.
2, 229, 541, 1619
List the prime factors of 383452108.
2, 13, 103, 71593
List the prime factors of 3331188437.
17, 71, 2759891
List the prime factors of 1283130284.
2, 17, 3529, 5347
List the prime factors of 237942178.
2, 118971089
What are the prime factors of 57016019?
337, 367, 461
List the prime factors of 2188211112.
2, 3, 233, 4831
What are the prime factors of 2007704128?
2, 181, 263, 659
What are the prime factors of 11132836?
2, 11, 13, 19463
What are the prime factors of 386380?
2, 5, 19319
What are the prime factors of 36398502?
2, 3, 7, 288877
List the prime factors of 50775077.
73, 137, 5077
List the prime factors of 3056806165.
5, 7, 19, 199, 23099
List the prime factors of 2145804503.
61, 35177123
List the prime factors of 39808301.
13, 3062177
List the prime factors of 1015103608.
2, 2221, 57131
What are the prime factors of 1020708?
2, 3, 13, 727
List the prime factors of 1239157448.
2, 154894681
List the prime factors of 117386719.
601, 195319
List the prime factors of 147469834.
2, 73734917
What are the prime factors of 357877726?
2, 1481, 120823
List the prime factors of 1696094201.
1696094201
List the prime factors of 39519866.
2, 17, 29, 149, 269
List the prime factors of 3062391556.
2, 7, 1279, 85513
What are the prime factors of 3992673001?
71, 56234831
List the prime factors of 62217949.
62217949
What are the prime factors of 56819066?
2, 17, 541, 3089
What are the prime factors of 3709405356?
2, 3, 73, 4234481
What are the prime factors of 3623482678?
2, 31, 479, 122011
List the prime factors of 53027574.
2, 3, 8837929
List the prime factors of 1011329976.
2, 3, 223, 233, 811
List the prime factors of 2245244284.
2, 561311071
What are the prime factors of 31027737?
3, 13, 17, 53, 883
What are the prime factors of 1862808989?
227, 8206207
List the prime factors of 31398755.
5, 37, 89, 1907
List the prime factors of 126864066.
2, 3, 7, 307, 9839
What are the prime factors of 7599292?
2, 23, 82601
What are the prime factors of 185917000?
2, 5, 185917
List the prime factors of 45343847.
45343847
List the prime factors of 124381636.
2, 823, 37783
What are the prime factors of 379277719?
379277719
List the prime factors of 951965534.
2, 13, 36614059
List the prime factors of 84453512.
2, 11, 13, 73823
List the prime factors of 265609893.
3, 2287, 38713
What are the prime factors of 2057154902?
2, 11, 2879, 32479
List the prime factors of 18477579.
3, 23, 267791
What are the prime factors of 42737544?
2, 3, 101, 653
What are the prime factors of 1002355123?
7, 11, 37, 50261
List the prime factors of 3435914.
2, 1717957
What are the prime factors of 89090703?
3, 13, 761459
What are the prime factors of 5574349968?
2, 3, 11, 79, 12149
List the prime factors of 2832757562.
2, 1423, 995347
List the prime factors of 298571857.
101, 2956157
What are the prime factors of 264925326?
2, 3, 293, 150697
List the prime factors of 6433054190.
2, 5, 73, 127, 69389
What are the prime factors of 3191585034?
2, 3, 11, 89, 543341
List the prime factors of 916164106.
2, 11, 13, 23, 41, 43, 79
What are the prime factors of 65091667?
2083, 31249
What are the prime factors of 63737727?
3, 163, 130343
What are the prime factors of 1273653767?
34127, 37321
List the prime factors of 6920062.
2, 41, 84391
What are the prime factors of 3326681603?
7, 475240229
List the prime factors of 52351417.
52351417
What are the prime factors of 972179476?
2, 17, 199, 71843
What are the prime factors of 16761543?
3, 5587181
List the prime factors of 55914123.
3, 59, 315899
What are the prime factors of 6211663132?
2, 1552915783
List the prime factors of 273232322.
2, 11, 797, 15583
List the prime factors of 412301632.
2, 79, 81547
What are the prime factors of 160159975?
5, 17, 376847
List the prime factors of 2863045009.
11, 23661529
List the prime factors of 1576709850.
2, 3, 5, 10511399
What are the prime factors of 2105623?
13, 161971
What are the prime factors of 643984801?
163, 3950827
List the prime factors of 198874726.
2, 157, 633359
List the prime factors of 57587831.
7, 47, 175039
List the prime factors of 1149688559.
1149688559
List the prime factors of 46729930.
2, 5, 